1 - -6) + 5 - (-14 + (10 - 1)).
5
17 + -1 + -7 - 3 - -10
16
What is 6 - -3 - 2 - -3 - (40 - 44)?
14
23 - 5 - 23 - (4 + (-11 - 0))
2
Evaluate (135 - 148) + 29 + -4.
12
What is the value of (5 - (0 + 0 + 1 - 0)) + -3?
1
What is (5 - (-4 + 11 + -14)) + -33?
-21
What is (17 - 41 - -12) + -4 + 0 - -6?
-10
What is -8 - (-15 - (-6 + (-12 - -14)))?
3
10 + (-13 - -11) + -4
4
(0 - -2 - 1) + 10 + -15
-4
What is -21 - (-13 + 2) - -2?
-8
Evaluate (-43 - -20) + 3 + 7 - 1.
-14
Evaluate (-2 - -6 - 23) + 0 + (-1 - 1).
-21
What is 30 + -3 + (69 - 64)?
32
(-5 - -48) + -14 + -22
7
Evaluate 22 + -6 + (4 - 25).
-5
What is (6 - 3) + -77 + 61?
-13
What is the value of -8 - (-12 - (-13 - (-3 + 5)))?
-11
-7 + (6 - -1 - (-26 + 38)) - -1
-11
What is -402 + 402 + (-12 - -1)?
-11
What is (3 - (-10 - -26)) + (0 - -4 - 0)?
-9
What is the value of (-12 - -3) + 27 - 13?
5
Calculate 52 + -14 - (8 + 9).
21
Calculate -1 - (-3 - 1) - (63 - 47).
-13
Evaluate (-59 - -56) + (21 - 4).
14
What is the value of 3 - (3 - -2 - -23)?
-25
-18 - (12 + -22) - (-28 - 1)
21
What is the value of (-12 - -9) + 5 + -4 + -8?
-10
Calculate -13 + 8 + -17 + 17 + -2.
-7
What is -10 - ((-11 - (-1 - 5)) + -13)?
8
Calculate -10 - (-11 + (-3 - -6) + -4).
2
What is (-5 - -10) + -9 + 0 + 10 - 16?
-10
What is 28 + 0 + (-6 - -12 - -4 - 20)?
18
Calculate (1 + 10 - (67 + -60)) + -2.
2
Calculate -3 + -1 - -2 - (-76 + 76).
-2
Calculate -219 + 198 + (22 - -2).
3
(7 - (2 + -2 + -6)) + 0
13
What is 15 + -1 + 1 + (-9 - -4)?
10
Calculate 6 - (-7 - -18) - (2 + -5 + 4).
-6
What is the value of 3 + 16 + (-8 - 5) + (-2 - -1)?
5
What is (-2 - 7) + (224 - 238)?
-23
Calculate -6 + (6 - 2) + -7 + (5 - 4).
-8
(12 - 2) + -125 + 112
-3
What is the value of -4 + -22 + 11 + -1?
-16
(-1 + -9 - -26) + 4 + 10
30
What is the value of (5 - (7 + 7 + -1)) + (0 - 5)?
-13
What is the value of (150 - 156) + (6 - -4)?
4
Evaluate (-11 - -8) + 4 + -7 + (7 - -25).
26
What is the value of 2 - (-8 + 3 + (9 - 9))?
7
Evaluate 3 + 2 + -7 + (-18 - -12 - -18).
10
What is the value of -10 + (5 - 2) + -4 + 18?
7
What is the value of 2 + 5 + (-8 - -6) - -2?
7
-23 + (2 - (-31 - -24))
-14
Calculate -2 - (-2 + 2) - (232 + -241).
7
Calculate (-5 - (-10 - -1) - -1) + 4.
9
Evaluate -1 - (-16 + 8 + (0 - -1)) - 0.
6
What is the value of (-1 - -12) + -4 + -52 + 30?
-15
What is 1 - (0 - (-7 + 2) - 6)?
2
Calculate (-2 - (-24 - -1)) + -40 + 31 + 0.
12
What is the value of 8 - ((21 - -15 - 6) + -15)?
-7
(-2 - 0 - (1 - -6)) + (-183 - -173)
-19
Evaluate 12 - 0 - (21 - 17).
8
(-33 - (-28 + -8)) + -12 + 1
-8
What is 8 + -20 + -18 - -28?
-2
What is the value of 25 + 5 - 43 - -17?
4
Evaluate 1 - (-8 + 1 - (46 - 60)).
-6
What is the value of 13 + (6 - (11 + (-4 - 6)))?
18
What is -48 + 53 + 18 + (1 - 4)?
20
-29 + (-6 - -7) + 17
-11
What is -1 + -2 + -49 + 40?
-12
What is (5 - ((20 - 9) + -13)) + (-2 - 15)?
-10
Evaluate 1 + (19 - (47 - 24)).
-3
What is the value of (1 + -7 - -12) + -22 - (2 + 2)?
-20
Calculate (1 - -2) + -18 - (24 + -17).
-22
What is the value of (-9 - -10) + -1 + (-5 - -2 - -6)?
3
What is the value of -6 + (-2 - 0) + 7 + 0 + 4?
3
Evaluate (2 - (7 + 0)) + (-187 - -186).
-6
What is the value of 4 + 3 - 0 - (4 - -5)?
-2
Evaluate 8 + 1 - (9 - ((22 - -8) + -15)).
15
((-13 - -8) + 5 - -7) + -8
-1
Evaluate 17 + (-15 - -7) + -7.
2
-5 + -8 + (15 - 15 - 2)
-15
What is the value of 8 + (-5 - -20) - 12?
11
Calculate -3 - (30 + 5) - (0 - (16 - 8)).
-30
Evaluate (-8 - -17) + -8 - -8 - 13.
-4
What is 70 + -91 + 20 + (-1 - -18 - 0)?
16
Evaluate 22 + -31 + (-1 - 2) + (4 - 0).
-8
What is the value of -15 + (1 + 1 - (40 + 1 - 41))?
-13
Calculate -6 + 25 - 8 - ((-1 - 3) + -20).
35
Calculate 9 + (-1 - 1) + -8 - -6.
5
-15 + -4 + -10 + 41
12
What is the value of -8 + -1 - (10 + (-11 - 5))?
-3
-23 + -5 + 19 + (11 - 11)
-9
What is 154 + -145 + (0 - 18)?
-9
Calculate -7 + (-3 + (11 - 5) - 3) + -4.
-11
Calculate 21 - (-5 - (9 + -49)).
-14
What is the value of -11 + (-6 + -3 - -32)?
12
Calculate (56 - 37) + 26 + -17.
28
Evaluate -57 + 49 - ((1 - 2) + -3).
-4
Evaluate 2 + 4 + (1 - -7) + -15 - 21.
-22
What is 2 + 1 + 0 - (-7 - (-30 + 22))?
2
-21 + 5 + 14 + -16
-18
19 + -24 - (-8 + 14 - -18)
-29
Calculate (-7 - -2) + (3 - (-2 + 9)).
-9
What is the value of 85 + -77 + -6 + 1?
3
What is 12 - (-10 - 7) - (-4 - -6)?
27
What is -20 - (17 - 46) - (1 - 8)?
16
Calculate -2 + (-7 - (2 + -19 + (25 - 28))).
11
What is ((1 - -5) + -14 - 8) + 3?
-13
(4 + 0 - 5 - (-23 - -16)) + 6
12
What is 7 + -3 + -2 - (10 + -10 + -8)?
10
What is 0 + -20 - (-591 - -596)?
-25
-10 - -10 - (-9 + (2 - (2 + -4)))
5
Evaluate 170 + -187 + (0 - -21).
4
-2 - (-20 - (-13 + -2))
3
Calculate (7 - 14 - -1) + 17.
11
What is -11 - (3 + 18 + -15)?
-17
What is 0 + (-4 - 1) + 352 + -361?
-14
(-5 - -2 - 9) + 13 - 22
-21
What is the value of -601 + 596 + 0 + 3?
-2
What is (4 - (16 + -23)) + -3?
8
What is the value of 232 + -214 - (-2 + 19)?
1
12 + (-13 - 5 - -13)
7
Evaluate -3 + (-6 - -4) - (-17 + 32 + -8).
-12
What is (31 - 35) + (0 - 7)?
-11
Calculate -11 + 1 + (54 - 53).
-9
(-3 - 0) + (3642 - 3639)
0
Calculate -2 - 6 - 1 - (-16 - -11).
-4
Evaluate 12 + -15 - (-8 - -11).
-6
Calculate 38 + -27 - (17 + 0).
-6
What is -32 + -2 + 47 + -13 + 2?
2
9 - -1 - (20 + -18 + -3)
11
What is the value of (17 - (11 - (6 - 4))) + 6?
14
What is the value of (-18 - 0) + 1322 + -1302?
2
Evaluate -22 + -6 - (-15 + -23).
10
8 + (13 - 23) + 0
-2
What is the value of 5 + -8 - (-13 - (-1 - (-4 - -8)))?
5
What is (-6 - (1 + -10)) + -9 + 16?
10
(-10 - -5 - -8) + 6 + -160 + 120
-31
Calculate (0 - 2) + 13 + -7.
4
What is (5 - (7 + 9)) + 5?
-6
What is -2 + (-32 - -51 - (49 + -7))?
-25
Calculate (1 - (-14 - (-21 - -9))) + -4.
-1
Evaluate 17 + (9 - 2) + -24.
0
Evaluate (27 - 21) + (-11 - -2 - (-2 + -1)).
0
What is the value of 41 + (-20 - (-10 + 20))?
11
What is the value of (3 - 7) + -17 + 35?
14
Calculate 16 - 16 - 5 - (-23 + (-3 - -2)).
19
Evaluate -7 + 0 + 2 - 2 - (36 + -34).
-9
Evaluate -1 + -16 + 10 + -18 + 13.
-12
Evaluate (-9 - 3) + 10 - 0.
-2
23 - (33 + -17 + 19)
-12
-5 - (4 - 3) - (-7 + 1)
0
-9 + (4 - -22) - (10 + 0)
7
Evaluate -5 - (4 + (-6 - 3) - -3) - -4.
1
Evaluate -24 - -18 - (-10 + -3) - 7.
0
What is 4 + (-19 - -32) + (-2 - 1)?
14
Calculate -3 + 6 + -19 - (70 - 78).
-8
What is the value of -28 - (11 + -6 + -7 + -10)?
-16
Evaluate -1 + (4 - -5) + -1 + -8.
-1
-15 - 4 - (-14 - (-48 + 30))
-23
1 + -4 - (-23 + 16) - (-7 - -39)
-28
-15 - 0 - -4 - (-513 + 478)
24
What is -1 + 17 - ((-62 - -1) + 105)?
-28
What is the value of 14 + -21 + (-9 - -13)?
-3
Calculate 6 + -2 + 3 + (1 - (0 - 1)).
9
Calculate 18 + -7 + (-28 - -6).
-11
Calculate -30 + 37 + (-8 - -8) + -7.
0
-2 - (-4 - -1 - -6) - 4
-9
What is 4 + (-2 - 2) - (28 - 35 - -2)?
5
5 + (8 - -4) + 10
27
Evaluate -16 + 30 + -8 + -6 + 2.
2
What is the value of 4 - 10 - -13 - ((4 - 3) + -1)?
7
Evaluate 3 - -19 - -36 - 30.
28
What is the value of -8 - 0 - (-153 + 108)?
37
Calculate (14 - (6 + -5) - (-9 + 3)) + -8.
11
Evaluate -10 + 25 - (5 + -4).
14
Calculate 19 + -11 + 21 + 0.
29
0 - (-11 + 6 + (-4 - -6 - 2))
5
What is 3 + (2 - -1) - (-67 + 86)?
-13
Calculate -18 - (-7 + 4 + 15 + -12).
-18
Evaluate -297 + 300 + (7 - (-1 - -4)).
7
What is the value of (0 - -10) + (-5 - (-2 - -6))?
1
Evaluate -7 - (-13 - (15 - 23)).
-2
Calculate (22 - 27) + 14 - (-2 - -3).
8
What is the value of -2 + (4 - (13 + -4) - (37 + -36))?
-8
What is 31 + (7 - 0) + -24 + 6 + 3?
23
What is -10 - (-4 - (-16 + 20)) - (-1 + 14)?
-15
Evaluate -1 - 2 - 2 - (-7 + 13) - -4.
-7
Calculate -1 - 2 - (-617 + 609).
5
What is the value of 2 + 0 - (-16 + 4 + 9 - 4)?
9
Calculate -2 + -1 + -1 + 206 + -210.
-8
Evaluate (-1 - -14) + -125 + 123 + -26.
-15
Evaluate -6 - (1 - (9 + 7 + 3)).
12
What is the value of -10 - (1 + 20 - (-680 - -702))?
-9
Calculate (37 - 70 - -38) + (4 - (0 - -1)).
8
Calculate 18 - (9 + 15 + 3 + -18).
9
What is the value of 1 - -9 - ((18 - -3) + (-14 - 0))?
3
Evaluate (20 + -3 - 23) + -6.
-12
Calculate 13 + -20 + 15 + 2 - -3.
13
8 - (-1 + -20 + (-1 - -7 - -1))
22
Evaluate -2 + 5 - -8 - (3 + 1 + -1).
8
Evaluate 25 - (28 - (18 + -30)).
-15
Calculate -2 - (12 + -11 - -4).
-7
What is 20 - (-4 + (10 - (6 - 3)) - -4)?
13
What is -37 + (-20 - -25 - -10)?
-22
What is 8 + 15 + -17 + (-1 + 2 - 6)?
1
What is the value of -1 + 11 + 15 + -29 + (-5 